q. What is y(-3)?
-12
Let t(r) = r + 4. Determine t(4).
8
Let a(f) = -f**2 + 5*f + 9. What is a(6)?
3
Let g(n) = -3*n - 10. Determine g(-7).
11
Let h(m) = -6*m + 122. What is h(18)?
14
Let o(c) = -2*c**2 - 5*c - 5. Determine o(-3).
-8
Let d(f) = 2*f**2 + 22*f - 20. Give d(-12).
4
Let m(c) = 6*c**3 + c**2 - 5*c + 4. Determine m(3).
160
Let i(c) = -4*c - 4. Calculate i(-5).
16
Let c(n) = -n**3 + 8*n**2 - n + 14. Calculate c(8).
6
Let k(f) = -f**3 + 14*f**2 - 23*f + 23. What is k(12)?
35
Let j(g) = -g**3 + 3*g**2 + g + 5. Calculate j(4).
-7
Let v(c) = -3*c + 1. What is v(-6)?
19
Let c(s) = -83*s**2 + 3*s - 2. What is c(1)?
-82
Let s(v) = -v**2 - 2*v - 12. Calculate s(-6).
-36
Let j(o) = o**2 + 19*o - 21. Give j(-20).
-1
Let a(s) = 20*s + 88. Determine a(-4).
8
Let k(c) = -2*c**2 + c. What is k(-5)?
-55
Let z(x) = 42*x**2 + x. Calculate z(1).
43
Let t(a) = a**2 + a + 5. Calculate t(0).
5
Let y(b) = -b**3 + 6*b**2 - 7*b - 9. What is y(3)?
-3
Let p(r) = -6*r**2 + r + 12. Calculate p(-2).
-14
Let w(r) = 2*r**3 - 4*r**2 - r + 6. Determine w(2).
4
Let d(x) = x - 52. Give d(9).
-43
Let h(l) = 37*l - 24. What is h(2)?
50
Let j(q) = 10*q**3 - q**2 + q - 1. What is j(1)?
9
Let q(p) = p**3 + 18*p**2 + 15*p - 31. Calculate q(-17).
3
Let n(b) = -2*b**2 + 10*b - 14. Calculate n(5).
-14
Let k(x) = -x**3 + 6*x**2 - 8*x - 1. Give k(3).
2
Let o(q) = 5*q + 216. What is o(-42)?
6
Let l(h) = 7*h + 86. Calculate l(-13).
-5
Let m(f) = f**2 - 7*f - 16. Calculate m(9).
2
Let k(z) = -3*z + 9. What is k(6)?
-9
Let d(v) = v**2 + 9*v - 114. Determine d(7).
-2
Let r(a) = -69*a - 1867. Determine r(-27).
-4
Let x(w) = -2*w + 26. Determine x(8).
10
Let f(s) = -23*s - 212. Calculate f(-9).
-5
Let o(k) = k**3 - 16*k**2 + 27*k + 8. What is o(14)?
-6
Let g(m) = -2*m**3 + 15*m**2 - 18*m - 9. Determine g(6).
-9
Let v(n) = -4*n**2 + 4*n - 4. Calculate v(1).
-4
Let l(k) = k**3 - 4*k**2 - 6*k - 6. Give l(5).
-11
Let u(s) = -s**2 - 5*s - 2. Calculate u(-3).
4
Let y(c) = -c**3 - 14*c**2 + 3*c + 2. What is y(-14)?
-40
Let x(o) = -16*o**3 + o. Determine x(1).
-15
Let k(y) = -36*y + 23. Give k(2).
-49
Let a(t) = 2*t**2 + t - 22. What is a(-4)?
6
Let k(c) = -9*c + 2. Give k(2).
-16
Let c(r) = -7*r**2 + 4*r - 2. What is c(1)?
-5
Let q(g) = 8*g + 8. Determine q(5).
48
Let o(d) = -17*d**2 - 4*d - 3. Give o(-1).
-16
Let n(t) = 4*t. Give n(2).
8
Let a(p) = -p**2 + 9*p - 2. What is a(10)?
-12
Let j(a) = a**2 - 7*a + 12. Give j(5).
2
Let z(r) = 3*r**2 - 15*r - 2. Determine z(5).
-2
Let k(t) = -24*t - 2. Give k(-2).
46
Let a(h) = -51*h - 544. Calculate a(-10).
-34
Let u(z) = 3*z + 28. Calculate u(-9).
1
Let y(b) = -2*b - 26. Determine y(-11).
-4
Let m(x) = -2*x**2 - 4*x + 2. Calculate m(-3).
-4
Let f(g) = g**2 - 9*g - 11. Calculate f(10).
-1
Let s(x) = x**2 + 6*x - 6. Give s(-9).
21
Let o(c) = -c**3 + 9*c**2 + 3*c - 17. Determine o(9).
10
Let i(r) = 24*r**2 - 193*r + 8. Give i(8).
0
Let s(q) = q**3 - 20*q**2 - 19*q - 25. What is s(21)?
17
Let a(c) = c**3 + 5*c**2 + 3*c - 5. Calculate a(-5).
-20
Let d(s) = s**3 - s**2 + s + 6. What is d(0)?
6
Let b(d) = 8*d + 7. What is b(0)?
7
Let h(p) = -p**2 + 16*p - 39. Give h(11).
16
Let l(h) = -h - 9. What is l(-4)?
-5
Let p(a) = -a**2 - 19*a - 20. What is p(-16)?
28
Let o(q) = q**2 - 11*q + 16. Give o(9).
-2
Let a(k) = k**3 - 5*k**2 - 7*k + 11. Determine a(6).
5
Let m(c) = -2*c**3 - 34*c**2 + 39*c + 63. Calculate m(-18).
9
Let s(b) = -6*b - 251. Calculate s(-36).
-35
Let s(l) = 56*l - 400. Determine s(7).
-8
Let l(d) = -4*d - 15. What is l(-6)?
9
Let j(k) = -8*k**3 - k**2 + k. Determine j(1).
-8
Let u(x) = -x**3 - 8*x**2 - 3*x - 25. What is u(-8)?
-1
Let n(l) = l**2 + 6*l + 6. Determine n(-3).
-3
Let k(q) = q**2 + 3. Determine k(-3).
12
Let d(g) = g**3 + 46*g**2 - 43*g + 193. Give d(-47).
5
Let w(b) = -2*b**2 + b - 1. Calculate w(-2).
-11
Let m(s) = -13*s + 56. Determine m(4).
4
Let f(x) = -x**3 - 6*x**2 - x - 8. What is f(-6)?
-2
Let i(r) = 2*r**2 + 2*r - 6. Calculate i(-3).
6
Let k(y) = y**3 - 10*y**2 + 9*y + 12. Calculate k(9).
12
Let h(n) = n**2 - 19*n - 272. Give h(28).
-20
Let c(m) = 3*m**2 - 7*m - 1. Calculate c(3).
5
Let p(m) = -2*m + 31. Calculate p(15).
1
Let l(f) = -15*f + 39. Calculate l(4).
-21
Let h(x) = 6*x - 18. Give h(-4).
-42
Let h(i) = 10*i - 110. Calculate h(8).
-30
Let i(u) = 4*u**2 - 3*u - 2. Determine i(3).
25
Let s(q) = 14*q**3 + 4*q**2 + 4*q + 1. Calculate s(-1).
-13
Let r(s) = -s**3 - 15*s**2 + 3*s + 47. Give r(-15).
2
Let c(f) = -f**3 + 26*f**2 + 23*f + 112. Determine c(27).
4
Let f(w) = w**3 - 8*w**2 - 12*w + 14. Determine f(9).
-13
Let m(p) = p**3 + 9*p**2 + 5*p + 3. Determine m(-4).
63
Let f(y) = -38*y - 202. Give f(-6).
26
Let i(u) = -2*u**2 - 3*u + 4. Give i(-2).
2
Let f(o) = -o**2 - 5*o - 6. Determine f(-3).
0
Let t(h) = -h**3 - 29*h**2 - 54*h + 35. Determine t(-27).
35
Let x(p) = -p**2 + 13*p - 4. Calculate x(14).
-18
Let p(d) = d**2 - d - 6. Give p(5).
14
Let h(q) = -q**3 + 4*q**2 + 2*q - 2. Calculate h(3).
13
Let p(j) = j**2 + 7*j - 54. Determine p(-12).
6
Let c(i) = -i**3 - 7*i + 8. What is c(0)?
8
Let p(i) = 9*i**2 + 9*i + 3. Determine p(-1).
3
Let q(u) = -2*u + 2. What is q(5)?
-8
Let i(y) = -3*y**2 + 3*y + 64. Calculate i(8).
-104
Let r(j) = -6*j - 38. What is r(-6)?
-2
Let i(p) = -2*p**2 + 17*p + 80. Determine i(12).
-4
Let u(d) = d**2 + 10*d + 12. Determine u(-7).
-9
Let h(p) = -p**3 - 6*p**2 + 10*p - 1. What is h(-7)?
-22
Let v(n) = n + 19. Give v(-13).
6
Let s(x) = -x**3 + 7*x**2 + x - 1. Calculate s(2).
21
Let f(d) = -10*d**2 + 2*d + 2. Determine f(1).
-6
Let k(n) = n**3 + 10*n**2 + 11*n + 6. What is k(-9)?
-12
Let y(g) = g**3 - 8*g**2 - 7*g - 17. Calculate y(9).
1
Let u(a) = -2*a**2 - 17*a - 7. Give u(-8).
1
Let i(b) = -b**2 + 36*b + 262. Give i(-6).
10
Let v(n) = 11*n + 14. Determine v(-4).
-30
Let x(l) = l**3 - 6*l**2 - 6*l + 4. Determine x(7).
11
Let s(f) = -f - 47. Give s(-19).
-28
Let m(o) = -2*o**3 + o**2 + 2*o + 1. What is m(-1)?
2
Let w(b) = -5*b - 41. Give w(-8).
-1
Let k(w) = -12*w + 9. Determine k(6).
-63
Let d(b) = 11*b + 1. Calculate d(2).
23
Let d(q) = -58*q + 1675. What is d(29)?
-7
Let d(b) = -b**2 + 33. Calculate d(-6).
-3
Let d(w) = w + 19. Determine d(-11).
8
Let l(f) = 3*f + 24. Calculate l(16).
72
Let d(l) = -43*l - 45. Give d(-1).
-2
Let l(n) = -2*n + 28. Give l(11).
6
Let j(l) = -4*l - 15. Determine j(-8).
17
Let d(c) = -c**2 + 8*c - 11. Calculate d(6).
1
Let x(v) = 3*v - 22. Give x(7).
-1
Let a(t) = 2*t**2 + 7*t - 8. Calculate a(5).
77
Let f(a) = a**3 + 15*a**2 - 2*a - 6. Calculate f(-15).
24
Let w(f) = 74*f**2 + 5*f + 4. Give w(-1).
73
Let b(r) = -r**3 + 9*r**2 - 12*r + 3. Calculate b(8).
-29
Let b(f) = -6*f - 21. Determine b(-6).
15
Let t(b) = -b**3 - 10*b**2 - 3*b - 52. Determine t(-10).
-22
Let g(x) = -2*x**2 - 26*x + 7. Calculate g(-13).
7
Let y(m) = m**3 + 8*m**2 - m - 11. What is y(-8)?
-3
Let p(j) = -j**3 - 6*j**2 + 2*j - 5. Give p(-7).
30
Let u(c) = -c**2 + 7*c. Calculate u(7).
0
Let t(a) = -7*a**2 + 3*a + 9. What is t(4)?
-91
Let m(x) = x**2 + 2*x + 6. Calculate m(-6).
30
Let i(n) = -n**3 - 4*n**2 + 11*n + 6. What is i(-6)?
12
Let c(i) = i**3 + 12*i**2 + 18*i - 87. Calculate c(-9).
-6
Let r(c) = 4*c - 19. Give r(9).
17
Let c(o) = o**3 - 9*o**2 - 2*o + 12. Calculate c(9).
-6
Let q(w) = -w**3 - 4*w**2 + 19*w - 16. Determine q(-7).
-2
Let w(a) = 10*a + 37. Determine w(-19).
-153
Let g(a) = 6*a**2 + a - 5. Determine g(3).
52
Let g(d) = d**3 + 16*d**2 + 2*d + 26. Determine g(-16).
-6
Let a(z) = -7*z**2 + 4*z - 3. Determine a(3).
-54
Let x(o) = -2*o**2 - 35*o + 50. Give x(-19).
-7
Let c(o) = -2*o**2 + 3. Determine c(3).
-15
Let b(u) = 3*u**2 - 40*u + 122. Calculate b(9).
5
Let v(z) = -z**3 + 8*z**2 - 13*z - 5. Determine v(6).
-11
Let k(x) = -x**3 - 5*x**2 - 4*x - 7. Calculate k(-5).
13
Let i(b) = 2*b**3 + 2*b**2 + 4*b + 7. Determine i(-2).
-9
Let c(x) = -x**2 - 10*x - 28. Calculate c(-6).
-4
Let f(b) = b**2 - 5*b - 5. Calculate f(4).
-9
Let x(v) = -v**3 - 2*v**2 - 6*v - 22. Calculate x(-3).
5
Let l(x) = -x**2 - 13*x + 10. What is l(-11)?
32
Let j(f) = f**2 - 2*f + 7. Give j(0).
7
Let x(z) = -12*z + 123. Determine x(10).
3
Let g(n) = 4*n**2 - 73*n + 334. Calculate g(8).
6
Let r(k) = 19*k - 82. Determine r(4).
-6
Let v(f) = -22*f - 375. Give v(-17).
-1
Let i(a) = a**3 + 42*a**2 + 115*a 